 -c**3 - 32*c**2 - 64*c - 13. What is h(-30)?
107
Let c(w) = 402*w + 399. Give c(-1).
-3
Let r(z) = -2*z**3 + 30*z**2 - 110*z - 7. Determine r(8).
9
Let t(x) = -98*x**3 + 2*x**2 + 3*x + 1. Give t(-1).
98
Let n(o) = -2*o**3 - 210*o**2 + 231*o + 1997. Calculate n(-106).
-17
Let b(z) = -4*z**2 - 60*z - 122. Determine b(-3).
22
Let v(c) = c**3 + 44*c**2 + 88*c + 99. Give v(-42).
-69
Let v(u) = 7*u + 43. Determine v(61).
470
Let u(x) = 4*x**3 + 121*x**2 + 37*x + 84. What is u(-30)?
-126
Let w(v) = 9*v**2 + 20*v - 127. Give w(5).
198
Let w(c) = -c**3 - 22*c + 66. Give w(5).
-169
Let k(p) = -45*p - 123. What is k(0)?
-123
Let f(d) = 4*d**2 + 69*d - 89. Give f(-19).
44
Let u(g) = 7*g + 105. Give u(-11).
28
Let a(w) = -727*w + 718. Determine a(1).
-9
Let i(j) = 4*j + 6. Calculate i(10).
46
Let n(i) = -5*i**3 - 3*i - 578. What is n(0)?
-578
Let c(d) = 2*d**3 - 20*d**2 + 20*d - 228. Determine c(12).
588
Let y(l) = -l**3 - 484*l**2 + 5442*l + 41. Give y(11).
8
Let a(z) = -z**3 + 17*z**2 - 12*z - 5. Calculate a(17).
-209
Let o(m) = -2*m**3 + 24*m**2 + 12*m + 83. Determine o(12).
227
Let r(f) = -16*f - 575. Give r(-54).
289
Let v(y) = -166*y + 308. Determine v(2).
-24
Let p(m) = -m**3 - 24*m**2 - 22*m + 8. Determine p(-23).
-15
Let n(o) = 6*o**2 - 182*o + 922. Determine n(6).
46
Let a(y) = y**2 - 2*y - 3847. Give a(-61).
-4
Let p(o) = o**3 - o**2 - 14*o - 18. Give p(5).
12
Let l(i) = i - 104. What is l(22)?
-82
Let x(t) = -12*t**2 + 28*t + 56. Give x(-2).
-48
Let n(r) = -76*r**2 + 54*r - 17. Determine n(1).
-39
Let i(a) = 47*a**2 - 239*a + 3. What is i(5)?
-17
Let n(u) = -1947*u + 7921. What is n(4)?
133
Let x(f) = -f**3 + 99*f**2 + 215*f - 1368. What is x(101)?
-55
Let x(i) = -10*i**3 + i**2 + i - 4. What is x(-1)?
6
Let t(p) = p**3 + 2*p**2 + 3*p + 59. Calculate t(0).
59
Let x(u) = -u**2 + 57*u + 626. Calculate x(67).
-44
Let x(v) = -8*v**3 + 754*v**2 - 193*v + 466. Determine x(94).
-4
Let h(i) = -i**2 - 19*i + 155. Give h(-24).
35
Let c(x) = -12*x - 352. What is c(-27)?
-28
Let c(s) = -s**2 - 20*s + 4120. Determine c(55).
-5
Let d(f) = -6*f**2 + 13*f - 28. Determine d(5).
-113
Let b(g) = 269*g + 3766. Calculate b(-14).
0
Let k(n) = -n**2 - 108*n + 5191. Determine k(-144).
7
Let g(j) = -j**3 - 31*j**2 + 182*j + 52. Give g(-36).
-20
Let d(p) = -18*p - 241. Determine d(-50).
659
Let u(j) = 2*j - 150. Calculate u(73).
-4
Let u(d) = -6*d + 39. What is u(-1)?
45
Let w(y) = -2*y**3 + 28*y**2 - 91*y - 3. Give w(5).
-8
Let i(o) = o**3 - 11*o**2 + o - 14. What is i(4)?
-122
Let c(p) = p**2 - 4*p + 33. What is c(5)?
38
Let y(h) = 10*h - 133. Determine y(10).
-33
Let m(x) = -2*x**3 + 3*x**2 - 19*x + 3. Determine m(4).
-153
Let b(i) = -2*i**2 + 2*i + 67. Give b(5).
27
Let w(d) = 337*d**2 + 21*d + 15. Calculate w(-1).
331
Let x(n) = 23*n**3 - n**2 - 4*n - 4. Determine x(-1).
-24
Let j(k) = -663*k + 2663. Give j(4).
11
Let g(j) = -2085*j + 20792. Determine g(10).
-58
Let x(c) = -159*c - 931. Calculate x(-6).
23
Let j(z) = 272*z - 2979. Calculate j(11).
13
Let o(t) = t**3 - 12*t**2 + 306*t - 4639. Calculate o(14).
37
Let j(o) = 12*o**2 + 730*o - 731. Give j(1).
11
Let o(a) = -3*a**2 - 168*a - 335. Calculate o(-54).
-11
Let t(w) = 52*w - 111. Determine t(6).
201
Let k(z) = -11*z**2 - 26*z + 205. Give k(6).
-347
Let u(d) = 2*d**3 - 96*d**2 - 217*d + 37. Calculate u(50).
-813
Let w(t) = t**3 + 42*t**2 - 141*t + 54. Determine w(-45).
324
Let s(w) = w**2 - 6*w - 67. Give s(12).
5
Let q(g) = -g**3 + 60*g**2 - 101*g - 884. What is q(58)?
-14
Let p(u) = 2*u**3 + 24*u**2 - 26*u - 8. What is p(-13)?
-8
Let w(g) = 5*g**3 - 33*g**2 - 76*g - 18. Calculate w(8).
-178
Let q(s) = -s**3 - 9*s**2 + 169*s + 1419. Calculate q(-8).
3
Let v(c) = c**3 - 2*c**2 - 61*c - 85. Give v(-6).
-7
Let b(c) = 50*c**2 + 1043*c - 1251. Determine b(-22).
3
Let y(i) = -3*i**2 - 6*i - 29. What is y(0)?
-29
Let g(o) = -99*o + 294. Determine g(3).
-3
Let f(j) = j**2 - 73*j - 7419. Determine f(130).
-9
Let j(m) = 13*m**3 - 78*m**2 + 356*m - 3. Give j(5).
1452
Let t(x) = -1284*x + 17968. What is t(14)?
-8
Let u(t) = -2*t**2 - 190*t - 4426. Give u(-55).
-26
Let k(i) = 17*i - 51. Determine k(0).
-51
Let y(j) = 4*j**2 + 10*j - 44. Give y(-4).
-20
Let x(p) = -77*p + 3700. Calculate x(48).
4
Let r(k) = 93*k + 2608. Determine r(-28).
4
Let s(q) = -21*q + 1237. Calculate s(59).
-2
Let p(y) = -y**3 + 15*y**2 - 40*y + 16. Give p(5).
66
Let n(u) = -7*u + 1036. Calculate n(-49).
1379
Let z(i) = -7*i**2 + 70*i - 136. Give z(2).
-24
Let y(u) = -u**2 + 41*u - 158. Calculate y(26).
232
Let n(g) = -g**3 + 29*g**2 + 22*g + 240. Give n(30).
0
Let h(l) = l**2 - 14*l - 106. Give h(17).
-55
Let a(q) = q**2 - 48*q + 346. Give a(39).
-5
Let b(m) = -m**3 + 3*m**2 + 29*m + 100. Give b(8).
12
Let g(s) = -200*s + 2854. Give g(14).
54
Let m(n) = n**2 + 76*n + 655. Calculate m(-66).
-5
Let j(a) = -5*a + 56. Calculate j(28).
-84
Let r(x) = 2*x**3 + 30*x**2 + 62*x + 21. What is r(-12)?
141
Let s(p) = -461*p - 1776. Determine s(-4).
68
Let k(n) = -n**2 - 382*n + 104902. What is k(185)?
7
Let v(n) = -791*n - 4006. Calculate v(-5).
-51
Let l(y) = 10*y + 100. Give l(-9).
10
Let m(t) = -t**3 + 5*t**2 - 29*t + 101. Calculate m(4).
1
Let m(d) = 915*d + 2756. What is m(-3)?
11
Let t(c) = 45*c + 4. Give t(0).
4
Let p(r) = 5955*r + 35702. Give p(-6).
-28
Let j(a) = -6*a**2 - 421*a - 74. What is j(-70)?
-4
Let t(d) = -d**3 + 10*d**2 - 10*d + 44. Determine t(12).
-364
Let a(p) = 218*p + 1969. What is a(-9)?
7
Let j(r) = 15*r - 956. What is j(62)?
-26
Let v(s) = -s**3 - 44*s**2 - 121*s + 69. What is v(-41)?
-13
Let a(g) = 2*g**3 + 47*g**2 - 16*g - 16. Give a(-24).
-208
Let b(k) = 5*k - 641. Give b(111).
-86
Let l(f) = f**3 + 12*f**2 - 37*f + 233. Determine l(-17).
-583
Let a(v) = v**3 - 48*v**2 + v - 60. Calculate a(48).
-12
Let z(u) = u**2 + 2*u - 99. Give z(9).
0
Let h(v) = -20*v + 61. Calculate h(4).
-19
Let y(b) = 67*b + 39. Give y(-2).
-95
Let s(k) = k**3 - 6*k**2 + 3*k - 72. Give s(6).
-54
Let u(z) = 24*z**2 - 1250*z + 103. Calculate u(52).
-1
Let z(t) = 182*t - 7997. Determine z(44).
11
Let z(c) = -c**3 + 3*c**2 + 51*c + 49. Determine z(-1).
2
Let s(z) = -z**2 - 217*z + 6051. Determine s(25).
1
Let w(z) = 7*z + 179. Give w(-26).
-3
Let w(l) = 9*l**3 + 33*l**2 - 8*l + 10. What is w(-4)?
-6
Let c(d) = -2*d**2 - 2485*d - 65637. Determine c(-27).
0
Let s(f) = 41*f - 87. What is s(3)?
36
Let g(i) = -13*i**3 + 9*i**2 - 4*i - 10. Calculate g(3).
-292
Let k(n) = n**3 + 19*n**2 - 16*n - 825. Calculate k(-17).
25
Let l(g) = 452*g - 2137. Calculate l(5).
123
Let u(z) = 2*z**3 + 20*z**2 - 35*z - 12. Determine u(-10).
338
Let l(z) = -1148*z + 1247. Calculate l(1).
99
Let v(u) = -460*u - 8196. What is v(-18)?
84
Let t(s) = -s**2 + 25*s + 550. Determine t(-14).
4
Let f(l) = l**3 - 7*l**2 + 43*l - 388. Give f(8).
20
Let i(g) = -20*g**2 + 107*g - 5. What is i(5)?
30
Let p(w) = 27*w**2 - 3*w - 8. Give p(0).
-8
Let s(i) = -44*i**2 - 297*i - 170. What is s(-6)?
28
Let w(l) = 2*l**2 - 138*l + 401. Calculate w(66).
5
Let s(d) = -2*d**3 + 16*d**2 - 68*d + 535. What is s(8)?
-9
Let k(h) = -6*h**2 - 9*h + 33. Determine k(-6).
-129
Let o(y) = 2*y**3 + 55*y**2 + 54*y + 4092. Calculate o(-29).
3
Let q(c) = -441*c - 8828. Determine q(-20).
-8
Let b(k) = -k**3 + 69*k + 179. Determine b(-3).
-1
Let y(k) = 28*k + 429. Give y(-17).
-47
Let z(h) = -3*h**3 + 3*h**2 - 10*h - 43. Calculate z(-3).
95
Let k(h) = -395*h**2 - 59*h + 4. Determine k(-1).
-332
Let r(a) = -48*a**2 - 574*a + 19. Give r(-12).
-5
Let l(u) = 359*u + 955. Give l(-3).
-122
Let q(t) = -548*t**3 - t**2 + 12*t - 12. Give q(1).
-549
Let w(g) = 22*g**2 - 213*g + 1. Calculate w(9).
-134
Let q(o) = -35*o**2 + 2*o + 12. What is q(-3)?
-309
Let n(j) = -j**3 - 5*j**2 + 21*j - 2. Give n(4).
-62
Let b(a) = a**3 + 2*a**2 - 44*a - 405. Determine b(-7).
-342
Let u(b) = b**3 + 47*b**2 - 13*b - 608. Calculate u(-47).
3
Let o(r) = r**3 + 18*r**2 + 7*r - 102. Calculate o(-17).
68
Let o(t) = -t**3 - 14*t**2 - 15*t + 20. What is o(-13)?
46
Let x(f) = f**3 - 8*f**2 + 31*f - 101. Determine x(5).
-21
Let r(k) = -k**2 - 65*k - 998. What is r(-22)?
-52
Let p(i) = -i**3 - 16*i**2 - 84*i - 345. Give p(-11).
-26
Let b(x) = 5823*x + 17462. Calculate b(-3).
-7
Let n(l) = -395*l**2 + 14*l + 57. What is n(-2)?
-1551
Let p(c) = c**3 - 47*c**2 